 l(r) = 10*r**2 - 2*r + 1. Let c(j) = j**3 - 13*j**2 + 11*j + 17. Let z be c(12). Suppose 5*k + 0*s = -2*s + 13, z*s = 20. What is l(k)?
9
Let p be 0/(-10)*(-2)/(-4). Let x(i) = -i - 1. Let q be x(p). Let b = q - -4. Let k(l) = l**2 - l - 1. Determine k(b).
5
Let j(h) be the third derivative of -h**6/120 - 11*h**5/60 + h**4/12 + 3*h**3/2 - 2*h**2 - 46*h. Determine j(-11).
-13
Let p = -189 - -180. Let g(s) = s**3 + 10*s**2 + 9*s + 5. Give g(p).
5
Let h(j) be the second derivative of -j**5/20 - j**4/2 + 3*j**3/2 - j**2 - j. Suppose -2*u - 20 = -v, 10*v - 7*v = -2*u + 4. Calculate h(u).
-16
Let a = 121 + -122. Let w(o) = -6*o. Give w(a).
6
Let m(r) = -r**3 + 10*r**2 + r - 6. Let f(c) = 2*c**2 + 27*c - 35. Let a be f(-15). What is m(a)?
4
Let u(p) = p**3 - 6*p**2 - 6. Let r(s) = -s + 9. Let k be r(7). Let i(z) = 5*z**k + 2*z**3 - 7*z - 2*z**3 + z**3. Let v be i(-6). Calculate u(v).
-6
Suppose 7*x = 2 + 33. Suppose -26 = -x*n - 31. Let v(r) = -20*r**3 - 2*r**2 + 1. Calculate v(n).
19
Let s(t) be the second derivative of -t**5/20 + t**4/4 + 5*t**3/6 - 3*t**2/2 - 13*t. Let z = -3 + 7. Give s(z).
1
Let f(p) be the first derivative of -p**3/3 - 7*p**2/2 - 16*p + 34. Let c be f(-4). Let u(g) = g + 4. What is u(c)?
0
Let m(b) = 20*b**3 + 20*b**2 - 32*b + 26. Let d(s) = 7*s**3 + 7*s**2 - 11*s + 9. Let w(a) = 17*d(a) - 6*m(a). Give w(-4).
25
Let m(n) = -n - 489 + 251 + 232. Let p be 340/14 + (-4)/14. Suppose 4*t = -16, 4*t = -0*j - 2*j - p. Calculate m(j).
-2
Let j(m) = 10*m + 25. Let t(n) = -76*n - 175. Let h(f) = 15*j(f) + 2*t(f). Determine h(8).
9
Let c = -55 - -27. Let z be (-6)/(-4)*(-104)/(-6). Let s = z + c. Let l(t) = -t**2 - 2*t - 2. Give l(s).
-2
Let n(o) = o**2 + 5*o. Let x(l) = 14*l + 38. Let p be x(-3). Calculate n(p).
-4
Let w = 10 + -12. Let s be ((-12)/(-8))/(w/(-4)). Let u(b) = -7*b**s + 0*b**3 - b**2 + 6*b**3. Calculate u(-1).
0
Let m(t) = 7*t**2 - 10*t + 11. Let n(o) = 3*o**2 - 5*o + 5. Let u = -8 - -3. Let b(j) = u*n(j) + 2*m(j). Suppose 2*l - 5 = 3. Give b(l).
1
Let z(t) = t**2 + 8*t - 13. Suppose 0 = 3*w - 24*w - 231. Calculate z(w).
20
Let p(h) = -2*h**2 - 6*h - 2. Suppose -25*u + 60 = -29*u. Let g be 5*(-3)/(u/(-4)). Calculate p(g).
-10
Let n(v) = v + 8. Suppose -26*a + 16*a - 40 = 0. Give n(a).
4
Suppose 3*b - 4*b = v, 5*v = -2*b. Suppose v = -4*t - 12, -2*m - 2*t - 4 = 8. Let g be 2/(-1)*m/3. Let x(q) = -4*q**2 + 3*q - 1. Give x(g).
-11
Let l(f) = f**3 + 5*f**2 + 4*f + 5. Let w(j) = 2*j + 49. Let s be w(0). Let c = s - 29. Let m = c - 24. Give l(m).
5
Suppose -3*l - 27 = 4*t, 7*l - 2*t = 3*l - 14. Let d(v) be the third derivative of 1/60*v**5 + 5/6*v**3 + 0*v + 0 + 4*v**2 + 7/24*v**4. Determine d(l).
-5
Let v(o) = -2*o + 25. Let y be v(11). Let r(a) = 0*a**3 + 3*a**2 + y*a + 3 - 3*a**3 + 4*a**3. Give r(-3).
-6
Let t(l) = -4*l + l**3 + 5*l**2 - 23 - l + 6*l + 26. What is t(-5)?
-2
Suppose 4 = -j + 3*q, j + 25 = 3*j + 5*q. Let u(a) = -a**2 + 7*a - 6. Give u(j).
4
Let q(m) be the second derivative of m**4/12 + m**3/3 - m**2 - 24*m. Determine q(1).
1
Let y(g) = -7*g**2 + 1. Let t be y(1). Let z(x) = -50*x**2 + x. Let u(k) = -99*k**2 + 7*k + 2. Let m(j) = -u(j) + 2*z(j). Determine m(t).
-8
Let z(t) = 3*t - 6. Let x(l) = l**3 + 2*l**2 + 4*l - 10. Let u be x(-4). Let a = u - -63. Give z(a).
9
Let r(j) = -j**2 + 10*j - 10. Let k = 49 - 41. Determine r(k).
6
Let y(z) = -z - 10. Let b be y(-12). Let d(t) = -3*t + 4*t**2 + 1 - 4*t**2 - t**2. Give d(b).
-9
Let t(k) be the second derivative of k**5/20 + 5*k**4/12 + 5*k**3/6 + 3*k**2/2 + k. Let h be 648/(-180) - ((-4)/(-10))/1. Calculate t(h).
-1
Let j(n) be the second derivative of -n**3/6 - 21*n**2/2 - 418*n. What is j(-18)?
-3
Suppose 0 = 8*n - 4*n. Suppose 5*w + 7 = 2*f - n*f, -3*w - 2 = f. Let s(k) = 10*k**3 - 1. What is s(f)?
9
Let x(u) be the second derivative of -u**4/4 + u**3/2 - 1034*u. Suppose 3*n = -2*v + 3*v + 4, 3*n + 2 = 4*v. Calculate x(v).
-6
Let y(d) = d**3 - 6*d**2 - 2*d - 2. Let w(k) = 4*k**3 - 29*k**2 - 9*k - 9. Let o(n) = 2*w(n) - 9*y(n). Give o(-2).
-8
Let v(f) be the second derivative of -f**2 - 1/6*f**3 + 3*f + 0 + 1/20*f**5 + 1/4*f**4. Calculate v(-3).
1
Let a(g) = -5*g**2 + g. Let j(s) = 8*s + 17. Let c be j(-9). Let t be 11/(c/(-10)) - 1. Determine a(t).
-4
Let m(o) = 1 + 8*o + 299*o**2 - 298*o**2 + 1. Suppose 0*k = -2*k + 6. Let w be (-240)/36 + (-1)/k. What is m(w)?
-5
Let i(o) = o + 3. Suppose 43*k + 408 = 107. Determine i(k).
-4
Let d(m) = m**3 - 243294*m**2 + 3*m + 243284*m**2 + 14 + 4*m. Calculate d(9).
-4
Suppose -98 = -3*s + 4*s - z, 0 = -4*s - 2*z - 362. Let d = 91 + s. Let p(h) = h**3 + 3*h**2 + h + 1. Give p(d).
3
Let z(x) = -x + 2. Let c(i) be the third derivative of -i**3/6 - 6*i**2. Let f(m) = -2*c(m) - z(m). Suppose 2*o + 0*o = -2. What is f(o)?
-1
Suppose 2*w - i + 41 = 6*w, 4*w + 4*i - 56 = 0. Let r(g) = g + 7. What is r(w)?
16
Suppose 11*c = -6 + 39. Suppose c - 8 = -x. Let s(r) = -r - 6. Determine s(x).
-11
Let h(a) be the first derivative of -a**3/3 - 5*a**2 + 6*a - 40. Determine h(-11).
-5
Let t(u) = -2*u**2 + 55*u - 128. Let h be t(25). Let b(w) = 3*w**2 + 2*w - 2. What is b(h)?
19
Let q(x) = 7*x + 56. Let w be q(-9). Let a(t) = -t**3 - 7*t**2 - 3. What is a(w)?
-3
Suppose -m = -1 + 5. Let p = m - -10. Let d(w) be the third derivative of -w**5/60 + 7*w**4/24 + 2*w**2. Give d(p).
6
Let n(p) = -2*p**2 + 2 + 4*p**2 - 9*p + 1 - 4*p**2 + p**2. Calculate n(-9).
3
Let s(i) = 2*i**3 - 2*i**2 - i + 1. Let d = -2 + 4. Let x be s(d). Let f(a) = 5 - 11 + 4*a + x. Calculate f(-1).
-3
Let z(n) = 2*n**2 - 17*n + 9. Let o be 3/12 - 372/(-48). Give z(o).
1
Let r(m) be the first derivative of 1/2*m**2 + 5 - m. Give r(-3).
-4
Let y(a) be the first derivative of 13*a**4/4 - a**3/3 - 78. Calculate y(-1).
-14
Suppose 0 = -2*h - 4*c + 6 - 12, -5*h - c = -21. Let w(r) = r**2 - 4*r - 10. What is w(h)?
-5
Let m(x) = x**2 + 5*x - 5. Let k(g) = 3*g**2 + 14*g - 16. Let a(f) = -3*k(f) + 8*m(f). Determine a(-4).
0
Let r(g) = -3*g - 1. Let m(z) = -1. Let d(h) = -2*m(h) + r(h). Let t(b) = b. Let y(k) = d(k) + 6*t(k). Calculate y(1).
4
Let p(n) = 5*n**3 - 17*n**2 + 5*n + 3. Let x be p(3). Let g(s) = s**2 + s - 1. Let z(h) = h**2 + h - 2. Let m(v) = -3*g(v) + 2*z(v). Calculate m(x).
-1
Let k(z) = -z - 1. Let o be k(0). Let x(l) be the first derivative of l**4/2 + l**3/3 + l**2 + l + 4. Determine x(o).
-2
Let h be (-2)/(2/3*1). Let r(i) = 42*i**2 + i**3 - 78*i - 41*i**2 + 74*i. Determine r(h).
-6
Suppose 0 = i - 17 + 2. Suppose 0 = -3*p + 8*p - i. Let v(g) be the first derivative of -g**2/2 - 3*g + 363. Determine v(p).
-6
Suppose -s - 11 = 5*f + 6, -2*s - 2*f = 2. Suppose -x - s*x = 0. Let a(y) = x - 9 + 2*y + 3 + 12. Determine a(-6).
-6
Let z = -33 - -32. Let d(w) = 11*w + 1. What is d(z)?
-10
Suppose 2*c - 16 = 12. Suppose -2*b + 3*s = c, b + 2*b = -s - 10. Let x(o) = -o - 3. Calculate x(b).
1
Let w(t) be the third derivative of -t**5/60 - 5*t**4/12 - 19*t**3/6 + 110*t**2 - 2*t. Calculate w(-8).
-3
Suppose -2*y + 16 = 2*y. Suppose 5*c + 4 = y*c. Let r(a) be the third derivative of -a**6/120 - a**5/12 - a**4/6 + a**3/6 - a**2. What is r(c)?
1
Suppose 4*o - 12 = 24. Suppose 0 = 4*s - 3*x + o, -s + 3*s - 3*x = -9. Let v(w) = -1 + w + 2 + 3 + s*w. Calculate v(0).
4
Let g(r) = -2*r**3 - 9*r**2 + 3*r - 9. Let q be g(-5). Let d(y) = 18*y**2. Give d(q).
18
Let f(l) = l**3 - l**2. Let m be f(0). Let t(a) = -2*a + 4. Give t(m).
4
Let i = -10 + 15. Let k(v) = -10*v**2 - 22*v - 3. Let d(j) = -7*j**2 - 15*j - 2. Let p(c) = i*k(c) - 7*d(c). Give p(-2).
5
Suppose -5*w + 5 = 25. Let x(n) be the second derivative of 2/3*n**3 + 0 + 8*n - 1/20*n**5 - 1/3*n**4 + 3/2*n**2. What is x(w)?
-13
Let a(i) be the third derivative of -i**7/5040 - i**6/180 - i**5/10 - 3*i**2. Let q(c) be the third derivative of a(c). Calculate q(5).
-9
Let w be 2/(3 + -1) - -2. Suppose w*t = -g + 16, g + 4*t + 4 = 5*t. Let j(q) = 29*q + 4*q**2 - 28*q - 1 - 6*q**2 + 0 + 8*q**2. Calculate j(g).
6
Let h be 5*((-4)/(-1) + -3). Let r(d) = d**3 - 6*d**2 + 5*d + 4. Let z be r(h). Suppose 5 = -z*b - 7. Let f(s) = s**3 + 4*s**2 + 3*s - 2. What is f(b)?
-2
Let x(y) = 2*y + 4. Let f(u) = -2*u**2 - 2*u. Let p be f(1). Let z(w) = -4*w - 5. Let c(g) = p*z(g) - 6*x(g). What is c(3)?
8
Let r(g) = 3*g**3 + 4*g**2 + g - 2. Let q be (4 - 